e 2*z - 3*d = 350, 322 = -z + g*z + 4*d. What are the prime factors of z?
13
Suppose 0 = -5*j - 15 + 40. Let s be -15 - 8/(1 + -3). Let x = j - s. What are the prime factors of x?
2
Let j(h) = 2*h**2 - 14*h + 24. Let a be j(11). Suppose -5*u + a = -5*i - 63, -3*u = -4*i - 104. What are the prime factors of u?
2, 3
Let r(s) = s**3 + s - 2. Let c be r(0). Let o = c + -20. Let k = 34 + o. What are the prime factors of k?
2, 3
Suppose 0 = -2*c - 2*y + 2222, 0*c - 3*c + 3328 = -2*y. What are the prime factors of c?
2, 3, 5, 37
Let b(g) = 2*g + 16. Let t be b(-5). List the prime factors of (63/t)/(2 + 9/(-6)).
3, 7
Suppose -12 = -3*n - 3. What are the prime factors of (-10)/n*234/(-15)?
2, 13
Let h(m) = -m**3 - 10*m**2 + 10*m - 6. Let d be h(-11). Suppose 8*i = d*i + 351. List the prime factors of i.
3, 13
Let l(w) = w**3 + 6*w**2 - 2*w - 1. Let v be l(-6). Suppose -y - 45 = -v. Let f = 64 + y. List the prime factors of f.
2, 3, 5
Let t(b) = -6*b**3 - b**2 + b. Let x be t(1). Let j = 51 + x. What are the prime factors of j?
3, 5
Let h = 1063 - 665. List the prime factors of 6/4*h*2/6.
199
Suppose -w - 10 = -3*w, -10 = -3*o - 5*w. Let f(d) = -d**3 - 4*d**2 - d. What are the prime factors of f(o)?
2, 3, 5
Suppose -2*w = t - 537, t - 540 = -0*w - w. What are the prime factors of t?
3, 181
Let n be (-4)/6 + (-70)/(-15). Let z(u) = 0*u + u**2 + 1 + n - 2*u. List the prime factors of z(4).
13
Let f = 16 + -28. Let w(s) = -s**3 - 11*s**2 - 8*s - 22. List the prime factors of w(f).
2, 109
List the prime factors of (-3325)/10*(80/35 + -4).
2, 3, 5, 19
Let f(a) = -a - 9. Let g be f(-6). Let i be -3 - (g - 0 - 3). Suppose 21 = k - 4*d - d, 0 = i*k + 3*d - 117. List the prime factors of k.
2, 3
Suppose f = 58 + 96. What are the prime factors of (2 - f)*2/(-4)?
2, 19
Let b = 2826 + -1681. What are the prime factors of b?
5, 229
Let h = -2 - -1. Let z(d) = -2*d - 3*d**2 + 3*d + d - 11*d**3 - 7*d + 3*d. List the prime factors of z(h).
2, 5
Let a = -2 - -4. Suppose 0 = a*r + 4*v - 8, 0 = -0*v + 2*v + 4. What are the prime factors of r?
2
What are the prime factors of (-2 - 1)/(((-132)/376)/11)?
2, 47
Suppose 0 = -2*j - 4, -3*j - 6 = -2*w + 138. Suppose -374 + w = -5*i. What are the prime factors of i/9 + (-6)/(-27)?
7
Suppose -3125 = 17*s - 22*s. What are the prime factors of s?
5
Let t(r) = r**3 - 17*r**2 + 20*r + 3. Let s be 12/(9*(-3)/(-36)). List the prime factors of t(s).
67
Let y(j) = 3*j + 14. Suppose b = -2*s + 1, -s = 3*b + 3*s - 11. Let q be y(b). Suppose 0 = 5*f - 221 + q. What are the prime factors of f?
2, 3
Suppose 0 = -5*w - f + 26, 8 = 2*f - 4*f. Suppose 4*i + x + 750 = 8*i, -w = 3*x. List the prime factors of i.
11, 17
Let w = 2452 + -1380. What are the prime factors of w?
2, 67
What are the prime factors of ((-83)/166)/((-2)/6940)?
5, 347
Let p(k) = 12*k + 8. What are the prime factors of p(19)?
2, 59
Let c = 44 - 13. Suppose -c + 211 = 2*f. What are the prime factors of f?
2, 3, 5
Suppose 11*z = 1255 + 1550. What are the prime factors of z?
3, 5, 17
Let a be (18/(-8))/((-4)/16). Let d be a/(-2)*6/(-9). Suppose -3*w + d*s + 21 = 0, 3*s + 0*s = w - 15. What are the prime factors of w?
3
Let f(z) = -z. Let m be f(-5). Suppose l + 30 = -4*l + 3*t, 3*l - t = -18. List the prime factors of (l + m)*(2 - 6).
2
Let w(k) = 2*k**2 - k. Let v be w(-1). Suppose 4*y - 11 = -v*r, 0*r + 2 = 2*r. Suppose 36 = y*l + l. What are the prime factors of l?
2, 3
Let s = 11 + -27. What are the prime factors of 15/(-6*4/s)?
2, 5
Suppose 7*h = 206 + 865. Suppose 0 = g - 2*g + 3. Suppose -g*s + h = 18. List the prime factors of s.
3, 5
Let y(h) = 5*h**2 + h**3 + h - 453 + h + 452. Let k(r) = -r + 10. Let m be k(12). List the prime factors of y(m).
7
Suppose 3*o = -2*o - 3*h + 66, -4*h - 12 = 0. Suppose 4*f - 3*a = 112, -3*f + 4*a + o = -2*f. List the prime factors of f.
31
Suppose -3*s - 2*s = -20. Let p(i) = -i**2 + 6*i + 2. Let x be p(s). What are the prime factors of (x/35)/((-1)/(-7))?
2
Suppose -174 = -4*i - 0*b - 2*b, 3*i + 3*b - 126 = 0. Suppose 0 = n - 50 - i. What are the prime factors of n?
5, 19
Let u = 3572 - 563. List the prime factors of u.
3, 17, 59
Suppose -3*d = 4*l - 2741, 3*l - 860 = 4*d + 1202. Let g = l + -428. List the prime factors of g.
2, 3, 43
Suppose 1295 = -i + 6*i. List the prime factors of i.
7, 37
Let i = 21 + -11. Suppose 0 = -0*h - 2*h + i. Suppose h*u = -3*f + 2, f = -3*u - 1 - 5. List the prime factors of f.
3
Let d be ((-3)/(-9))/((-1)/(-57)). Suppose 2*j + b = 13, j + j = b + d. What are the prime factors of 3/12 + 70/j?
3
Suppose 8*u - 660 = 4*u. Suppose z - 5*t = 2*z - u, -529 = -3*z + 2*t. List the prime factors of z.
5, 7
Let j(z) = 9*z**3 + 2*z - 1. Let h be j(1). Let n be (13/3)/((-5)/15). List the prime factors of (3 + n/5)*h.
2
Suppose -8*a + 32 = -4*a. Suppose -6 = -a*d + 5*d. Suppose -8 = 2*v, -4*s + 192 - 24 = d*v. List the prime factors of s.
2, 11
Let w be 7*(-1 + 44/28). Suppose -w*o - 435 = -5*i, 2*i - 174 = -0*i + 5*o. List the prime factors of i.
3, 29
Let o(q) = -q**3 + q + 10. Let x be o(0). Suppose x = -z + 4*p - 2, -p + 24 = 5*z. List the prime factors of z.
2
Let x(c) = -310*c**3 - 2*c - 1. Let o be x(-1). Suppose 3*d - j + 39 = o, 0 = d + j - 96. What are the prime factors of (2 + 0)*d/8?
23
Suppose f = 6*f - 600. List the prime factors of f.
2, 3, 5
Let g(u) = -u - 18. Let m be g(-15). List the prime factors of (6 - -222)*(0 + m/(-6)).
2, 3, 19
Let j(o) = -o**2 + 4*o - 2. Let p be j(9). Let a = p + 100. List the prime factors of a.
53
Let y = 24 - 21. Let r be 146/y + (-2)/(-6). List the prime factors of (-14)/r - (-32)/14.
2
Suppose -s + 0*s - 1 = -f, f + 2 = 2*s. List the prime factors of f/(-16)*28/((-1)/1).
7
Suppose -q - 47 + 43 = 0. Let v(t) = t**2 + 4*t - 7. Let a be v(-5). List the prime factors of 99*a/24*q.
3, 11
Suppose m + m = -4. List the prime factors of (m/3)/((-2)/270 + 0).
2, 3, 5
Suppose 5*t = 2119 + 96. List the prime factors of t.
443
Let d(u) be the second derivative of u**4/6 - u**3/2 + 7*u**2/2 + 8*u. Let l be -2 + (-3 + 1 - 0). What are the prime factors of d(l)?
3, 17
Suppose -2078 = -3*j - 5*u, -u - 125 + 2223 = 3*j. List the prime factors of j.
701
Suppose 3*m + l + 0 = -16, 2*m - 3*l = -18. Suppose -k - 1 = 8. What are the prime factors of k*(-4)/m*-2?
2, 3
Suppose 3*n - 2*t - 92 = 0, -6*t - 62 = -2*n - 4*t. List the prime factors of (n/45 - (-14)/(-12))*-174.
3, 29
Suppose 2*j - j - 6 = 0. Let g be j/33 - (-4)/(-22). Suppose c + d = 32, -c + 2*d + 23 = -g*c. List the prime factors of c.
29
Let z(d) = -294*d**3 + 5*d**2 - 13*d - 11. Let a(c) = -147*c**3 + 2*c**2 - 6*c - 5. Let g(h) = 13*a(h) - 6*z(h). What are the prime factors of g(-1)?
2, 3
Let o(g) = 2*g**2 + 7*g + 5. What are the prime factors of o(-14)?
13, 23
Let a be ((945/(-18))/15)/(2/4). Let g(h) = -97*h**3 - h**2 - h + 1. Let f be g(1). What are the prime factors of (-2)/a + (-3402)/f?
5, 7
Suppose -7*a - 68603 = -38*a. What are the prime factors of a?
2213
Suppose -2 - 8 = -2*t. Suppose -t*l = 37 + 93. Let b = l - -51. What are the prime factors of b?
5
What are the prime factors of 194736/228 + 2/(-19)?
2, 7, 61
Suppose -h + 3 = -2. Let p(v) = v**3 + 8*v**2 + 4*v - 5. Let s be p(-7). Let b = h + s. What are the prime factors of b?
3, 7
Let t = 5643 - 3524. List the prime factors of t.
13, 163
Suppose -6 = -3*v + 3*i, 2*v + 0*i - 3 = i. What are the prime factors of v/2*(124 - -10)?
67
Suppose -12 - 8 = -5*r. Suppose 4*f = 3*d - 456, 0 = -r*d - 2*f + 5*f + 601. Suppose 2*z - z = 4*t - d, 56 = t - 5*z. List the prime factors of t.
2, 3
Let s = 9 - 7. Let v(r) = -r**3 + 3*r**2 - r + 1. Let p be v(s). Suppose -p*k + 69 = -81. List the prime factors of k.
2, 5
Let v(l) = -l**3 - 6*l**2 - 16*l - 44. List the prime factors of v(-6).
2, 13
Let u(v) = 2*v**3 - v**2 + v. Let d be u(1). Suppose -d*t - 8 = -5*f - 136, -3*f = 2*t - 160. What are the prime factors of t?
2, 37
List the prime factors of (1310/8)/((-31)/(-124)).
5, 131
Suppose 6*o + 357 - 6627 = 0. List the prime factors of o.
5, 11, 19
Suppose -3*f - 4317 = j - 6*j, -4*j = -3*f - 3453. List the prime factors of j.
2, 3
Let a = 1726 - 1206. List the prime factors of a.
2, 5, 13
Suppose -3*v + 2*h + 17920 = 0, -3*v - h = -0*v - 17932. What are the prime factors of v?
2,